{"id":2,"date":"2023-04-20T22:03:33","date_gmt":"2023-04-20T22:03:33","guid":{"rendered":"http:\/\/instiweb.es\/?page_id=2"},"modified":"2026-05-02T11:43:47","modified_gmt":"2026-05-02T11:43:47","slug":"pagina-ejemplo","status":"publish","type":"page","link":"https:\/\/instiweb.es\/?page_id=2","title":{"rendered":"Vaga indefinida"},"content":{"rendered":"\n<p>Despr\u00e9s de l\u2019assemblea telem\u00e0tica multitudin\u00e0ria del dimecres es va tancar definitivament que la vaga indefinida comen\u00e7a dilluns 11 de maig.<\/p>\n","protected":false},"excerpt":{"rendered":"<p>Despr\u00e9s de l\u2019assemblea telem\u00e0tica multitudin\u00e0ria del dimecres es va tancar definitivament que la vaga indefinida comen\u00e7a dilluns 11 de maig.<\/p>\n","protected":false},"author":1,"featured_media":0,"parent":0,"menu_order":0,"comment_status":"closed","ping_status":"open","template":"","meta":{"footnotes":""},"class_list":["post-2","page","type-page","status-publish","hentry"],"_links":{"self":[{"href":"https:\/\/instiweb.es\/index.php?rest_route=\/wp\/v2\/pages\/2","targetHints":{"allow":["GET"]}}],"collection":[{"href":"https:\/\/instiweb.es\/index.php?rest_route=\/wp\/v2\/pages"}],"about":[{"href":"https:\/\/instiweb.es\/index.php?rest_route=\/wp\/v2\/types\/page"}],"author":[{"embeddable":true,"href":"https:\/\/instiweb.es\/index.php?rest_route=\/wp\/v2\/users\/1"}],"replies":[{"embeddable":true,"href":"https:\/\/instiweb.es\/index.php?rest_route=%2Fwp%2Fv2%2Fcomments&post=2"}],"version-history":[{"count":1,"href":"https:\/\/instiweb.es\/index.php?rest_route=\/wp\/v2\/pages\/2\/revisions"}],"predecessor-version":[{"id":26,"href":"https:\/\/instiweb.es\/index.php?rest_route=\/wp\/v2\/pages\/2\/revisions\/26"}],"wp:attachment":[{"href":"https:\/\/instiweb.es\/index.php?rest_route=%2Fwp%2Fv2%2Fmedia&parent=2"}],"curies":[{"name":"wp","href":"https:\/\/api.w.org\/{rel}","templated":true}]}}

<p>Després de l’assemblea telemàtica multitudinària del dimecres es va tancar definitivament que la vaga indefinida comença dilluns 11 de maig.</p>
